{"id":196043,"date":"2026-09-04T00:03:33","date_gmt":"2026-09-04T00:03:33","guid":{"rendered":"https:\/\/sonnevonmallorca.com\/immobilien\/villa-mediterranea-de-ensueno-con-vistas-al-mar-y-piscina-en-una-ubicacion-exclusiva-en-bendinat\/"},"modified":"2026-09-04T00:03:33","modified_gmt":"2026-09-04T00:03:33","slug":"villa-mediterranea-de-ensueno-con-vistas-al-mar-y-piscina-en-una-ubicacion-exclusiva-en-bendinat","status":"publish","type":"immobilien","link":"https:\/\/sonnevonmallorca.com\/es\/propiedades\/villa-mediterranea-de-ensueno-con-vistas-al-mar-y-piscina-en-una-ubicacion-exclusiva-en-bendinat\/","title":{"rendered":"Villa mediterr\u00e1nea de ensue\u00f1o con vistas al mar y piscina en una ubicaci\u00f3n exclusiva en Bendinat"},"content":{"rendered":"<p>Este chalet est\u00e1 situado en una parcela de aprox. 830m\u00b2, y cuenta con jard\u00edn y piscina, y cocina de verano. La propiedad tiene una superficie habitable de aprox. 280m\u00b2 que se distribuyen en 2 niveles, m\u00e1s 170m\u00b2 de terrazas con vistas magn\u00edficas a la bah\u00eda de Palma. En la planta baja se encuentra se ubica una entrada, sal\u00f3n con chimenea, cocina, un trastero, lavadero, as\u00ed como un dormitorio con ba\u00f1o y un aseo de invitados. En la planta superior se encuentran 4 dormitorios y 2 ba\u00f1os m\u00e1s. Tambi\u00e9n hay un apartamento para invitados con un dormitorio y un ba\u00f1o.<\/p>\n","protected":false},"excerpt":{"rendered":"<p>Este chalet est\u00e1 situado en una parcela de aprox. 830m\u00b2, y cuenta con jard\u00edn y piscina, y cocina de verano. La propiedad tiene una superficie habitable de aprox. 280m\u00b2 que se distribuyen en 2 niveles, m\u00e1s 170m\u00b2 de terrazas con vistas magn\u00edficas a la bah\u00eda de Palma. En la planta baja se encuentra se ubica [&hellip;]<\/p>\n","protected":false},"featured_media":196044,"template":"","property_price_category":[180],"property_features":[347,360,351,350,364,359],"property_area":[512],"property_city":[509],"property_category":[503],"property_action_category":[346],"class_list":["post-196043","immobilien","type-immobilien","status-publish","has-post-thumbnail","hentry","property_price_category-3000001-bis-5000000-es","property_features-aire-acondicionado","property_features-chimenea-abierta","property_features-despensa","property_features-piscina","property_features-sala-de-lavado-secado","property_features-vista-al-mar","property_area-bendinat-es","property_city-bendinat-es","property_category-villas-casas","property_action_category-a-la-venta"],"_links":{"self":[{"href":"https:\/\/sonnevonmallorca.com\/es\/wp-json\/wp\/v2\/immobilien\/196043","targetHints":{"allow":["GET"]}}],"collection":[{"href":"https:\/\/sonnevonmallorca.com\/es\/wp-json\/wp\/v2\/immobilien"}],"about":[{"href":"https:\/\/sonnevonmallorca.com\/es\/wp-json\/wp\/v2\/types\/immobilien"}],"wp:featuredmedia":[{"embeddable":true,"href":"https:\/\/sonnevonmallorca.com\/es\/wp-json\/wp\/v2\/media\/196044"}],"wp:attachment":[{"href":"https:\/\/sonnevonmallorca.com\/es\/wp-json\/wp\/v2\/media?parent=196043"}],"wp:term":[{"taxonomy":"property_price_category","embeddable":true,"href":"https:\/\/sonnevonmallorca.com\/es\/wp-json\/wp\/v2\/property_price_category?post=196043"},{"taxonomy":"property_features","embeddable":true,"href":"https:\/\/sonnevonmallorca.com\/es\/wp-json\/wp\/v2\/property_features?post=196043"},{"taxonomy":"property_area","embeddable":true,"href":"https:\/\/sonnevonmallorca.com\/es\/wp-json\/wp\/v2\/property_area?post=196043"},{"taxonomy":"property_city","embeddable":true,"href":"https:\/\/sonnevonmallorca.com\/es\/wp-json\/wp\/v2\/property_city?post=196043"},{"taxonomy":"property_category","embeddable":true,"href":"https:\/\/sonnevonmallorca.com\/es\/wp-json\/wp\/v2\/property_category?post=196043"},{"taxonomy":"property_action_category","embeddable":true,"href":"https:\/\/sonnevonmallorca.com\/es\/wp-json\/wp\/v2\/property_action_category?post=196043"}],"curies":[{"name":"wp","href":"https:\/\/api.w.org\/{rel}","templated":true}]}}

Villa mediterránea de ensueño con vistas al mar y piscina en una ubicación exclusiva en Bendinat

<p>Este chalet está situado en una parcela de aprox. 830m², y cuenta con jardín y piscina, y cocina de verano. La propiedad tiene una superficie habitable de aprox. 280m² que se distribuyen en 2 niveles, más 170m² de terrazas con vistas magníficas a la bahía de Palma. En la planta baja se encuentra se ubica una entrada, salón con chimenea, cocina, un trastero, lavadero, así como un dormitorio con baño y un aseo de invitados. En la planta superior se encuentran 4 dormitorios y 2 baños más. También hay un apartamento para invitados con un dormitorio y un baño.</p>

<p>Este chalet está situado en una parcela de aprox. 830m², y cuenta con jardín y piscina, y cocina de verano. La propiedad tiene una superficie habitable de aprox. 280m² que se distribuyen en 2 niveles, más 170m² de terrazas con vistas magníficas a la bahía de Palma. En la planta baja se encuentra se ubica [&hellip;]</p>
