{"id":195960,"date":"2026-08-28T00:03:00","date_gmt":"2026-08-28T00:03:00","guid":{"rendered":"https:\/\/sonnevonmallorca.com\/immobilien\/lujoso-apartamento-con-vista-mar-en-pequeno-complejo-con-piscina-en-puerto-andratx-mallorca-suroeste\/"},"modified":"2026-08-28T00:03:00","modified_gmt":"2026-08-28T00:03:00","slug":"lujoso-apartamento-con-vista-mar-en-pequeno-complejo-con-piscina-en-puerto-andratx-mallorca-suroeste","status":"publish","type":"immobilien","link":"https:\/\/sonnevonmallorca.com\/es\/propiedades\/lujoso-apartamento-con-vista-mar-en-pequeno-complejo-con-piscina-en-puerto-andratx-mallorca-suroeste\/","title":{"rendered":"Lujoso apartamento con vista mar en peque\u00f1o complejo con piscina en Puerto Andratx, Mallorca suroeste"},"content":{"rendered":"<p>Este lujoso piso se encuentra en Puerto Andratx, en un complejo construido en 2020 que cuenta con solo 5 viviendas y una piscina comunitaria de agua salada de 25 m\u00b2.<\/p>\n<p>Las ventajas del piso son las vistas al mar y al famoso y lujoso puerto deportivo, as\u00ed como su ubicaci\u00f3n tranquila, aunque a poca distancia a pie del puerto, con sus restaurantes y tiendas.<\/p>\n<p>El piso se encuentra en la primera planta y cuenta con una superficie habitable de unos 150 m\u00b2, adem\u00e1s de una terraza parcialmente cubierta de unos 12 m\u00b2, y dispone de 3 dormitorios y 3 ba\u00f1os. El equipamiento exclusivo incluye una cocina austriaca integrada en la zona de estar, carpinter\u00eda austriaca a medida, aire acondicionado fr\u00edo\/calor y calefacci\u00f3n por suelo radiante mediante bomba de calor, sistema dom\u00f3tico KNX, sistema de alarma y detectores de humo. La propiedad cuenta tambi\u00e9n con un lavadero, un trastero con cinta de correr y una plaza de aparcamiento cubierta.<\/p>\n<p>\u00bfDesea m\u00e1s informaci\u00f3n o concertar una visita? No dude en ponerse en contacto con el equipo de Sonne von Mallorca Immobilien.<\/p>\n","protected":false},"excerpt":{"rendered":"<p>Este lujoso piso se encuentra en Puerto Andratx, en un complejo construido en 2020 que cuenta con solo 5 viviendas y una piscina comunitaria de agua salada de 25 m\u00b2. Las ventajas del piso son las vistas al mar y al famoso y lujoso puerto deportivo, as\u00ed como su ubicaci\u00f3n tranquila, aunque a poca distancia [&hellip;]<\/p>\n","protected":false},"featured_media":195961,"template":"","property_price_category":[178],"property_features":[347,372,351,350,364,363,359],"property_area":[526],"property_city":[525],"property_category":[511],"property_action_category":[346],"class_list":["post-195960","immobilien","type-immobilien","status-publish","has-post-thumbnail","hentry","property_price_category-1500001-bis-3000000-es","property_features-aire-acondicionado","property_features-amueblado-completamente","property_features-despensa","property_features-piscina","property_features-sala-de-lavado-secado","property_features-television-por-cable-satelite","property_features-vista-al-mar","property_area-puerto-andratx-es","property_city-puerto-andratx-es","property_category-apartamento","property_action_category-a-la-venta"],"_links":{"self":[{"href":"https:\/\/sonnevonmallorca.com\/es\/wp-json\/wp\/v2\/immobilien\/195960","targetHints":{"allow":["GET"]}}],"collection":[{"href":"https:\/\/sonnevonmallorca.com\/es\/wp-json\/wp\/v2\/immobilien"}],"about":[{"href":"https:\/\/sonnevonmallorca.com\/es\/wp-json\/wp\/v2\/types\/immobilien"}],"wp:featuredmedia":[{"embeddable":true,"href":"https:\/\/sonnevonmallorca.com\/es\/wp-json\/wp\/v2\/media\/195961"}],"wp:attachment":[{"href":"https:\/\/sonnevonmallorca.com\/es\/wp-json\/wp\/v2\/media?parent=195960"}],"wp:term":[{"taxonomy":"property_price_category","embeddable":true,"href":"https:\/\/sonnevonmallorca.com\/es\/wp-json\/wp\/v2\/property_price_category?post=195960"},{"taxonomy":"property_features","embeddable":true,"href":"https:\/\/sonnevonmallorca.com\/es\/wp-json\/wp\/v2\/property_features?post=195960"},{"taxonomy":"property_area","embeddable":true,"href":"https:\/\/sonnevonmallorca.com\/es\/wp-json\/wp\/v2\/property_area?post=195960"},{"taxonomy":"property_city","embeddable":true,"href":"https:\/\/sonnevonmallorca.com\/es\/wp-json\/wp\/v2\/property_city?post=195960"},{"taxonomy":"property_category","embeddable":true,"href":"https:\/\/sonnevonmallorca.com\/es\/wp-json\/wp\/v2\/property_category?post=195960"},{"taxonomy":"property_action_category","embeddable":true,"href":"https:\/\/sonnevonmallorca.com\/es\/wp-json\/wp\/v2\/property_action_category?post=195960"}],"curies":[{"name":"wp","href":"https:\/\/api.w.org\/{rel}","templated":true}]}}

Lujoso apartamento con vista mar en pequeño complejo con piscina en Puerto Andratx, Mallorca suroeste

<p>Este lujoso piso se encuentra en Puerto Andratx, en un complejo construido en 2020 que cuenta con solo 5 viviendas y una piscina comunitaria de agua salada de 25 m².</p>
<p>Las ventajas del piso son las vistas al mar y al famoso y lujoso puerto deportivo, así como su ubicación tranquila, aunque a poca distancia a pie del puerto, con sus restaurantes y tiendas.</p>
<p>El piso se encuentra en la primera planta y cuenta con una superficie habitable de unos 150 m², además de una terraza parcialmente cubierta de unos 12 m², y dispone de 3 dormitorios y 3 baños. El equipamiento exclusivo incluye una cocina austriaca integrada en la zona de estar, carpintería austriaca a medida, aire acondicionado frío/calor y calefacción por suelo radiante mediante bomba de calor, sistema domótico KNX, sistema de alarma y detectores de humo. La propiedad cuenta también con un lavadero, un trastero con cinta de correr y una plaza de aparcamiento cubierta.</p>
<p>¿Desea más información o concertar una visita? No dude en ponerse en contacto con el equipo de Sonne von Mallorca Immobilien.</p>

<p>Este lujoso piso se encuentra en Puerto Andratx, en un complejo construido en 2020 que cuenta con solo 5 viviendas y una piscina comunitaria de agua salada de 25 m². Las ventajas del piso son las vistas al mar y al famoso y lujoso puerto deportivo, así como su ubicación tranquila, aunque a poca distancia [&hellip;]</p>
