{"id":184019,"date":"2025-11-14T00:03:37","date_gmt":"2025-11-14T00:03:37","guid":{"rendered":"https:\/\/sonnevonmallorca.com\/immobilien\/lujosa-villa-de-nueva-construccion-con-vistas-al-mar-en-portals-nous-cerca-del-noble-puerto-y-palma\/"},"modified":"2025-11-14T00:03:37","modified_gmt":"2025-11-14T00:03:37","slug":"lujosa-villa-de-nueva-construccion-con-vistas-al-mar-en-portals-nous-cerca-del-noble-puerto-y-palma","status":"publish","type":"immobilien","link":"https:\/\/sonnevonmallorca.com\/es\/propiedades\/lujosa-villa-de-nueva-construccion-con-vistas-al-mar-en-portals-nous-cerca-del-noble-puerto-y-palma\/","title":{"rendered":"Lujosa villa de nueva construcci\u00f3n con vistas al mar en Portals Nous, cerca del noble puerto y Palma"},"content":{"rendered":"<p>Esta moderna villa de nueva construcci\u00f3n de 2025 combina un dise\u00f1o atemporal, materiales de alta calidad y tecnolog\u00eda dom\u00e9stica de vanguardia con impresionantes vistas al mar. Ubicado en una generosa parcela de unos 1.200 m\u00b2, el espacio habitable de unos 400 m\u00b2 cuenta con un dise\u00f1o de planta abierta y l\u00edneas limpias.<br \/>\nLa villa cuenta con cinco dormitorios, cuatro de ellos con vestidor, cinco elegantes cuartos de ba\u00f1o y dos aseos independientes. El amplio sal\u00f3n-comedor se abre a la terraza con piscina de agua salada y ofrece un ambiente luminoso y acogedor gracias a sus grandes ventanales. Una moderna sala de fitness, una lavander\u00eda, un trastero y dos neveras para vinos completan la estudiada distribuci\u00f3n de las estancias. Un ascensor conecta c\u00f3modamente los niveles, mientras que tres plazas de garaje ofrecen amplio espacio para veh\u00edculos.<br \/>\nLa propiedad tampoco deja nada que desear en cuanto a tecnolog\u00eda. La calefacci\u00f3n por suelo radiante con bomba de calor, los paneles solares y el aire acondicionado garantizan un agradable clima interior durante todo el a\u00f1o. El sistema de sonido Bang &amp; Olufsen integrado llena toda la casa de un sonido excelente, y el elegante mobiliario de Terrazza Balear acent\u00faa el car\u00e1cter moderno y mediterr\u00e1neo de la villa.<br \/>\nCon su combinaci\u00f3n de dise\u00f1o, confort y sostenibilidad, esta propiedad ofrece un hogar excepcional que no deja lugar a compromisos.<\/p>\n","protected":false},"excerpt":{"rendered":"<p>Esta moderna villa de nueva construcci\u00f3n de 2025 combina un dise\u00f1o atemporal, materiales de alta calidad y tecnolog\u00eda dom\u00e9stica de vanguardia con impresionantes vistas al mar. Ubicado en una generosa parcela de unos 1.200 m\u00b2, el espacio habitable de unos 400 m\u00b2 cuenta con un dise\u00f1o de planta abierta y l\u00edneas limpias. La villa cuenta [&hellip;]<\/p>\n","protected":false},"featured_media":184020,"template":"","property_price_category":[182],"property_features":[347,351,349,350,364,361,363,359],"property_area":[570],"property_city":[727],"property_category":[503],"property_action_category":[346],"class_list":["post-184019","immobilien","type-immobilien","status-publish","has-post-thumbnail","hentry","property_price_category-ueber-5000000-es","property_features-aire-acondicionado","property_features-despensa","property_features-parcialmente-amueblado","property_features-piscina","property_features-sala-de-lavado-secado","property_features-sotano","property_features-television-por-cable-satelite","property_features-vista-al-mar","property_area-portals-nous-es","property_city-potals-nous-es","property_category-villas-casas","property_action_category-a-la-venta"],"_links":{"self":[{"href":"https:\/\/sonnevonmallorca.com\/es\/wp-json\/wp\/v2\/immobilien\/184019","targetHints":{"allow":["GET"]}}],"collection":[{"href":"https:\/\/sonnevonmallorca.com\/es\/wp-json\/wp\/v2\/immobilien"}],"about":[{"href":"https:\/\/sonnevonmallorca.com\/es\/wp-json\/wp\/v2\/types\/immobilien"}],"wp:featuredmedia":[{"embeddable":true,"href":"https:\/\/sonnevonmallorca.com\/es\/wp-json\/wp\/v2\/media\/184020"}],"wp:attachment":[{"href":"https:\/\/sonnevonmallorca.com\/es\/wp-json\/wp\/v2\/media?parent=184019"}],"wp:term":[{"taxonomy":"property_price_category","embeddable":true,"href":"https:\/\/sonnevonmallorca.com\/es\/wp-json\/wp\/v2\/property_price_category?post=184019"},{"taxonomy":"property_features","embeddable":true,"href":"https:\/\/sonnevonmallorca.com\/es\/wp-json\/wp\/v2\/property_features?post=184019"},{"taxonomy":"property_area","embeddable":true,"href":"https:\/\/sonnevonmallorca.com\/es\/wp-json\/wp\/v2\/property_area?post=184019"},{"taxonomy":"property_city","embeddable":true,"href":"https:\/\/sonnevonmallorca.com\/es\/wp-json\/wp\/v2\/property_city?post=184019"},{"taxonomy":"property_category","embeddable":true,"href":"https:\/\/sonnevonmallorca.com\/es\/wp-json\/wp\/v2\/property_category?post=184019"},{"taxonomy":"property_action_category","embeddable":true,"href":"https:\/\/sonnevonmallorca.com\/es\/wp-json\/wp\/v2\/property_action_category?post=184019"}],"curies":[{"name":"wp","href":"https:\/\/api.w.org\/{rel}","templated":true}]}}

Lujosa villa de nueva construcción con vistas al mar en Portals Nous, cerca del noble puerto y Palma

<p>Esta moderna villa de nueva construcción de 2025 combina un diseño atemporal, materiales de alta calidad y tecnología doméstica de vanguardia con impresionantes vistas al mar. Ubicado en una generosa parcela de unos 1.200 m², el espacio habitable de unos 400 m² cuenta con un diseño de planta abierta y líneas limpias.<br />
La villa cuenta con cinco dormitorios, cuatro de ellos con vestidor, cinco elegantes cuartos de baño y dos aseos independientes. El amplio salón-comedor se abre a la terraza con piscina de agua salada y ofrece un ambiente luminoso y acogedor gracias a sus grandes ventanales. Una moderna sala de fitness, una lavandería, un trastero y dos neveras para vinos completan la estudiada distribución de las estancias. Un ascensor conecta cómodamente los niveles, mientras que tres plazas de garaje ofrecen amplio espacio para vehículos.<br />
La propiedad tampoco deja nada que desear en cuanto a tecnología. La calefacción por suelo radiante con bomba de calor, los paneles solares y el aire acondicionado garantizan un agradable clima interior durante todo el año. El sistema de sonido Bang &amp; Olufsen integrado llena toda la casa de un sonido excelente, y el elegante mobiliario de Terrazza Balear acentúa el carácter moderno y mediterráneo de la villa.<br />
Con su combinación de diseño, confort y sostenibilidad, esta propiedad ofrece un hogar excepcional que no deja lugar a compromisos.</p>

<p>Esta moderna villa de nueva construcción de 2025 combina un diseño atemporal, materiales de alta calidad y tecnología doméstica de vanguardia con impresionantes vistas al mar. Ubicado en una generosa parcela de unos 1.200 m², el espacio habitable de unos 400 m² cuenta con un diseño de planta abierta y líneas limpias. La villa cuenta [&hellip;]</p>
